m(y) be the first derivative of 3*y + 14*y**3 + 1/2*y**2 - 32. Calculate the remainder when m(2) is divided by 29.
28
Let t = 257757 + -257738. Calculate the remainder when t is divided by 0/(2*-1) + 10.
9
Let x be 4/16 + 8332/16. Let s = x + -508. Calculate the remainder when 47 is divided by s.
8
Suppose -2*x + 285 = -3*v, -870*v = 4*x - 873*v - 567. Calculate the remainder when x is divided by 134.
7
Let m = -42958 - -43513. Calculate the remainder when 1672 is divided by m.
7
Let o(g) = -g**2 + 3*g. Let p be o(4). Suppose -12872 + 42452 = -102*a. Calculate the remainder when 51 is divided by a/(-22) - (p - (-184)/44).
12
Let h = 60 - 60. Let u be 1*h/(5 - 4). Suppose -q + 4*g = -u*q + 4, 15 = 3*g. Calculate the remainder when 63 is divided by q.
15
Suppose 3*l - 789*w + 791*w - 9990 = 0, 3*w - 18 = 0. Calculate the remainder when l is divided by 74.
70
Let z = 78 - 45. Let p(q) = -q**3 - 6*q**2 - 7*q + 20. Let n = -132 + 126. Calculate the remainder when p(n) is divided by z.
29
Let g = -20743 - -20776. Let l be (-2080)/(-15) + (-2)/3. Suppose 3*s - 57 = l. Calculate the remainder when s is divided by g.
32
Suppose 17*m + 4*s - 695 = 12*m, -2*m + 255 = -3*s. Calculate the remainder when 801 is divided by m.
126
Let j be (-20094)/(-408) - (1 - (-6)/(-8)). Suppose -60*r + 55 = -j*r. Calculate the remainder when (-2)/(-3) - 98/(-6) is divided by r.
2
Suppose -4*k + 139 = k + 4*p, 0 = -2*p - 8. Suppose 3 = 6*z - 9. Suppose 5*b - 456 = -3*l, -b - z*b + 274 = 2*l. Calculate the remainder when b is divided by k.
28
Let k(i) = 114*i - 1692. What is the remainder when ((-4)/6)/(2/(-87)) is divided by k(15)?
11
Let z = -1335 + 1361. What is the remainder when 5535 is divided by z?
23
Let w be 1 + (1 - (-7 + 4)). Suppose 2*t + 3 = w. Suppose -t = 5*d - 41. Calculate the remainder when 18 is divided by d.
2
Let k = 4106 + -3918. What is the remainder when k is divided by 104?
84
Let x(a) = -281*a**3 + 4*a**2 - 5*a - 13. What is the remainder when x(-2) is divided by 78?
77
Let q = 39 + -34. Suppose -2*k + 2*o - o = -47, 0 = -q*k - 4*o + 150. What is the remainder when 50 is divided by k?
24
Let f = -779 - -823. Suppose -45*g + f*g = -2*c + 60, 0 = -5*c + g + 150. Let b(o) = 5*o**2 - 6*o + 1. Calculate the remainder when b(4) is divided by c.
27
Suppose 4 = -113*g + 117*g. What is the remainder when 365 is divided by (4*((-230)/(-4))/5)/g?
43
Suppose 0 = -2*f - 5*b + 179, -3*f + 860 = 4*b + 609. Calculate the remainder when 611 is divided by f.
72
Suppose 18*x + 436 = 1156. What is the remainder when x is divided by 23?
17
Suppose d + 2*d + 4*h - 841 = 0, 1395 = 5*d + 5*h. Suppose 35*p - 705 = d. What is the remainder when p is divided by 10?
8
Let h be ((-24)/(-7))/((-34)/(-714)). What is the remainder when 57 is divided by ((-30)/(-4))/(27/h)?
17
Let f be (-6)/8*(-3)/((-9)/(-12)). Let b(s) = -51*s. Let w be b(f). Let z = -97 - w. Calculate the remainder when z is divided by 16.
8
Suppose -2*r + 27 + 83 = 0. Let c(a) = 2*a - 14. Let n be c(-6). Let o = n + r. Calculate the remainder when 55 is divided by o.
26
Suppose 116 = f - 3*z, -5*z = -9*f + 14*f - 620. Let t = 37 + -6. What is the remainder when f is divided by t?
29
Calculate the remainder when 54186/63 + ((-85)/(-425))/((-42)/20) is divided by 121.
13
Let h = 3 + 0. Let c be h/(-1)*-1 + 76/2. Let r = c - 4. Calculate the remainder when r is divided by 10.
7
Suppose -5*k = -4*h - h - 460, -3*k = 4*h - 304. Let p be 123 + (2 - 1)*-2. Suppose k + p = 7*c. What is the remainder when 92 is divided by c?
30
Let a = 150 - 340. Calculate the remainder when (9/(-6))/(5/a) is divided by 25.
7
Suppose -45 = 9*z - 33*z + 291. Calculate the remainder when 69 is divided by z.
13
Suppose 4*l + q + 8 = 0, -q - 3*q + 4 = 4*l. Let c(t) = -t**2 + 8*t + 4. Calculate the remainder when (2 - -16) + 2 + l is divided by c(8).
1
Suppose h + 35 = 2*y - 9, 3*h - 5*y = -128. Calculate the remainder when 789/(-4)*(-1)/((-27)/h) is divided by 33.
32
Let g(s) = 8*s**2 - 7*s + 1. Let d(y) = -238*y - 7. Let b be d(-1). What is the remainder when g(5) is divided by 12*12/(-9)*b/(-88)?
40
Let a(k) = -2*k**2 - 13*k + 42. Let b be a(-8). Suppose -b*j + 22*j = 892. Calculate the remainder when j is divided by 28.
27
Let x = -644 + 715. What is the remainder when 2341 is divided by x?
69
Let z be (-1)/(-9)*-2*123*-48. Let u = z + -673. What is the remainder when u is divided by 40?
39
Let j be (-11)/(-4) + -4 + (-4)/(-16). What is the remainder when 231/14*j*66/(-9) is divided by ((-12)/10)/((-2)/70)?
37
Suppose 78 = -6*w + 492. Let c = w + -56. Let z = 58 + -44. What is the remainder when z is divided by c?
1
Let z(v) = 646*v**2 + 3*v + 1. Let h be z(-1). Suppose -5*k + 7246 = -h. Calculate the remainder when k is divided by 79.
77
Calculate the remainder when (-1*(6/15)/2)/(6/(-63390)) is divided by 15.
13
Let v = 635 + -598. Let i = -134 + 160. What is the remainder when v is divided by i?
11
Let v = -4317 + 4473. What is the remainder when 1395 is divided by v?
147
Suppose 0 = -4*c + 20, c - 1523 - 1139 = -h. Calculate the remainder when h is divided by 41.
33
Suppose 112*a - 126 = 98*a. What is the remainder when 248 is divided by a?
5
Let o be 12*(23 - (2 + 1)). Suppose -b = 14*b - o. Calculate the remainder when b is divided by 7.
2
Suppose 0 = -3*v + 9, -5*l + 0*v - 357 = v. Let s = -1 + 94. What is the remainder when s is divided by -10*8/(6/(l/30))?
29
Suppose 3*s = -b + 54, 10*b = -14*s + 18*s + 336. Calculate the remainder when 184 is divided by b.
4
Suppose 0 = -38*y + 41*y + 36. Let v(z) = -z**3 - 11*z**2 + 9*z + 8. Let t(u) = -5*u + 17. Calculate the remainder when t(-14) is divided by v(y).
43
Let m(c) = c + 6. Let z be m(-6). Let u be 18*(-100)/(z + 5). Calculate the remainder when 85 is divided by (1/2)/(356/u + 1).
40
Let m = 150 + -148. Let t(k) = 26*k - 42. What is the remainder when t(m) is divided by 8?
2
Calculate the remainder when ((-17396)/(-6))/(960/180) + (-6)/(-16) is divided by 71.
47
Let a = -100 + 157. Let q be ((-18)/5)/(6/20). Calculate the remainder when 40 is divided by 336/a - q/114.
4
Let l(d) = -d**3 + 3*d**2 - 3*d + 6. Suppose -5*x + m - 314 + 497 = 0, -3*m + 80 = 2*x. What is the remainder when l(-5) is divided by x?
36
Suppose -329 = -29*l + 193. Suppose 11*d = 8*d + 132. What is the remainder when d is divided by l?
8
Let v be (-2*(-18)/(-27))/(2/21). Let c(w) = -w**3 - 14*w**2 + 38. What is the remainder when 63 is divided by c(v)?
25
Let j = 565 + -706. Let y = j + 148. Suppose -g = -3*m - 4*g + 9, -3*g = 6. Calculate the remainder when y is divided by m.
2
Let i be 1 - (2/(-8) - (-1)/4). Let a(y) = 30*y**2 - 8*y + 5. Calculate the remainder when a(i) is divided by 10.
7
Suppose -2*d + 305 + 1249 = 0. Suppose -d = -51*a + 14*a. What is the remainder when 117 is divided by a?
12
Let y(d) = 3*d**2 + 2*d - 6. Suppose 192 = -2754*x + 2766*x. Calculate the remainder when y(-5) is divided by x.
11
Let r(m) = 8*m**2 + 38*m - 236. Calculate the remainder when r(7) is divided by 254.
168
Let j be 4/18 - (-266)/18. Let w = j - -14. What is the remainder when w is divided by (-714)/(-153)*(-48)/(-28)?
5
Let x = 499 + -99. Suppose x = 3*t + 5*t. Suppose 0 = -j + 82 + t. What is the remainder when j is divided by 45?
42
Let l be -1*(-9)/2*38. Suppose 10*u = 7*u + l. Let q = 100 - u. What is the remainder when q is divided by 11?
10
Suppose d - 4*w = 83, -4*w = d - 2*w - 83. Suppose 413 = 22*z + d. What is the remainder when 29 is divided by z?
14
Let i(h) = -h + 105. Let g be ((1 - 3) + -10)*(-6)/18. What is the remainder when i(0) is divided by (-2464)/(-88) + (g/(-2))/2?
24
Let b = 1 + 29. Suppose 0 = -5*c - b + 335. What is the remainder when c is divided by 32?
29
Suppose -a + 2*m - 111 = 0, -10 = 15*m - 17*m. Let d = 232 + a. Calculate the remainder when d is divided by 7.
5
Suppose 6*t - 13*t + 469 = 0. Suppose 25 = 4*n - t. What is the remainder when 0 - 2 - -6 - -64 is divided by n?
22
Let p = 55 + 221. Suppose 4*n + 4 = p. Calculate the remainder when n is divided by (38 - 22) + (-4)/((-4)/7).
22
Let o(m) = -2*m**3 + 15*m**2 - 3*m + 2. Let j(k) = -4*k - 9. Let y be j(-10). Let x = -7 + y. Calculate the remainder when o(6) is divided by x.
20
Suppose 2*i - 824 = 4*i. Let c = -281 - i. S